the highest common divisor of 41 and g.
41
Suppose -106*c = -118*c + 3264. Calculate the greatest common factor of c and 340.
68
Let a(w) = -4*w**3 + 2*w + 1. Let d be a(-3). Suppose 6*b - d = 83. Calculate the highest common divisor of 62 and b.
31
Suppose 5*l - 201 = j, 4*l - 76 = 2*j + 86. Suppose 0*c - 4*u + l = 2*c, -2*c + u + 20 = 0. Calculate the highest common divisor of 108 and c.
12
Let p = 102 - 41. Let b = 88 - p. Let u be (-50)/(-6) + (-2)/(-3). Calculate the greatest common factor of b and u.
9
Suppose -65 - 27 = b. Let s = -22 - b. What is the highest common divisor of s and 10?
10
Suppose 12*l + 10 = -2. Let f be 2 + (134 - 0/l). Calculate the highest common divisor of f and 17.
17
Suppose 0 = 3*j - 2*d - 19, 0 = 169*j - 174*j - 2*d + 53. What is the highest common factor of j and 81?
9
Let q = 1531 - 766. Calculate the highest common factor of 102 and q.
51
Let u = -827 + 1339. Suppose -2*l - u = -6*l. Calculate the greatest common factor of l and 16.
16
Let x be (-268)/(0 + -2) - -2. Suppose 0*a + x = 4*a. Let y(g) = -2*g**3 - 11*g**2 - 4*g - 9. Let n be y(-6). What is the greatest common factor of a and n?
17
Suppose 7602 = 21*g - 1428. What is the greatest common factor of g and 10?
10
Let r(s) = 71*s - 204. Let y be r(4). Calculate the greatest common divisor of 580 and y.
20
Let q be 5/(15/(-12))*1. Let l be 3*1 - (2 - (-132)/q). What is the highest common divisor of 136 and l?
34
Suppose z + 25 = 6*z. Suppose z*a + 86 = 3*k - 126, 4*k - 2*a = 278. Let q = k - 9. What is the highest common divisor of 12 and q?
12
Let t(v) = 2*v**2 + 22*v - 64. Let q be t(3). Calculate the highest common factor of 5 and q.
5
Let k(x) = -2*x**2 - 15*x - 29. Let c be k(-8). Let w = c - -48. What is the highest common factor of w and 121?
11
Let o = -5 - 0. Let a(y) be the second derivative of -y**3/6 + 2*y**2 + y. Let t be a(o). Calculate the greatest common divisor of 9 and t.
9
Let p = -523 + 559. Calculate the greatest common divisor of 16 and p.
4
Let v be 0 + (-4 + 2 - -6). Suppose -8 + 4 = -v*z. Let o be (-207)/(-3)*z + 1. What is the greatest common factor of 10 and o?
10
Let t be (-24)/300 - (-24008)/100. Calculate the highest common factor of t and 15.
15
Suppose -3*c + 34 = s, 4*s - 9*s - c = -58. Suppose -g - 1751 + 493 = -5*r, -r = 2*g - 245. Let v = -171 + r. Calculate the greatest common factor of v and s.
10
Let a = 5 + -1. Let i(n) = n**2 - 2 - 3*n + 0 + 2*n**3 - n**3. Let z be i(a). What is the highest common divisor of z and 44?
22
Let d = -830 - -882. Calculate the highest common factor of d and 598.
26
Let z(w) = -w**3 - 9*w**2 - 9*w + 9. Let q be z(-8). Let u(i) = q + 13 - 33 - i. Let j be u(-8). What is the highest common factor of j and 40?
5
Let q be (45/(-6))/(-1*(-3)/(-18)). Calculate the highest common factor of 90 and q.
45
Let x(o) = 2*o**3 - 3*o**2 + o. Let f be x(2). Let m be (1 - 7/(-5))/(8/140). What is the greatest common divisor of m and f?
6
Suppose -20*o - 170 = -30*o. What is the highest common factor of 17 and o?
17
Let n = 44 - -25. What is the highest common divisor of n and 23?
23
Let n be (-2 + 22 + -3)*1. Let b = -1 + n. Suppose 17 = 3*x - b. What is the highest common factor of 88 and x?
11
Let j(q) = q + 6. Let w be j(0). Suppose -27*a + 144 = -21*a. What is the greatest common factor of w and a?
6
Suppose 2*q + 0*j - 438 = -2*j, 2*j = 3*q - 642. Suppose -9 = 4*n + 11. Let d(c) = -6*c - 3. Let o be d(n). What is the highest common divisor of q and o?
27
Let t = -62 + 52. Suppose -3*p + 3*j - 17 = -56, -5*j + 10 = 0. Let x = t + p. Calculate the greatest common factor of x and 45.
5
Suppose -3*v = -69*v + 264. What is the greatest common divisor of 500 and v?
4
Let q = -7 + 10. Suppose 0 = 15*h - 12*h - 9. Suppose 0*w = -h*w + 54. What is the highest common divisor of w and q?
3
Let c be (-27 + 26 + (-46)/(-6))*6. What is the greatest common divisor of c and 124?
4
Let g(w) = -125*w + 1. Let f be (-11)/((-11)/(-2))*(-2)/(-4). Let v be g(f). What is the highest common divisor of 18 and v?
18
Let t = -620 - -753. What is the greatest common factor of 21 and t?
7
Let i be 4/6 + 984/9. Let y(b) = b**3 - 5*b**2 - b. Let x be y(6). Suppose 0 = 4*a - 20, -3*a + 7*a = -k + x. What is the greatest common factor of i and k?
10
Let y(x) = -2*x**3 + 11*x**2 + 4*x + 8. Let u be y(6). Let i be (-8 - u)*(-4)/2 + 0. What is the greatest common factor of 8 and i?
8
Suppose 9*t = 4*t. Let i be (t - -8)*(-261)/(-18). Suppose 4*v - 284 = -3*w, v - 5*w - i = -v. What is the greatest common factor of 17 and v?
17
Let h = -138 - -683. Calculate the greatest common factor of h and 10.
5
Let t = 287 - -63. Calculate the greatest common factor of 70 and t.
70
Suppose -3*d + d = -16. Suppose 0 = 3*j - d - 4. Suppose 6*w = j*w + 130. What is the highest common factor of w and 26?
13
Suppose -w + 3*w + 10 = 0. Let b = w - -25. What is the highest common divisor of b and 4?
4
Let b be (-228)/95*60/(-2). What is the highest common divisor of 168 and b?
24
Let t = 228 + -207. What is the highest common factor of t and 168?
21
Let w = 2742 - 781. What is the highest common divisor of 37 and w?
37
Let p(r) = r**2 - 9*r + 10. Let d be p(8). Let f(g) = -2*g. Let c be f(d). Let i be ((-6)/c)/(2/28). Calculate the highest common divisor of i and 84.
21
Let l = 314 + -258. Calculate the greatest common divisor of l and 64.
8
Let w be (21 + 1 + -1)*16/6. What is the highest common factor of 44 and w?
4
Let j = 886 + -599. What is the highest common divisor of j and 82?
41
Let m(v) = v**3 + 3*v**2 - 5*v - 6. Let k be m(-4). Let g be 28*(-5)/(-2) - k. Calculate the greatest common factor of 8 and g.
8
Let h be 13/3 - (-60)/(-45). Suppose -33 = -h*f + 3*q, -3*q = 2*f - 8*q - 19. Calculate the highest common divisor of 4 and f.
4
Let k(j) be the third derivative of -j**5/60 + 5*j**4/24 + j**3/3 - 8*j**2. Let l be k(5). What is the greatest common divisor of l and 16?
2
Suppose -2 = 3*d - 8. Suppose 3*q + q + r = -48, d*q + 5*r + 42 = 0. Let y be (q/(-4))/(8/64). Calculate the highest common factor of 242 and y.
22
Suppose 3*z + 428 = 2*z. Let b = z - -608. What is the greatest common factor of b and 45?
45
Suppose 95 = -5*x - 3*g - 129, 5*x - 4*g + 203 = 0. Let a = 46 + x. Let o(j) = 2*j**2 + 2*j + 3. Let f be o(3). What is the greatest common divisor of a and f?
3
Let w(l) = l**3 - 28*l**2 - 34*l + 24. Let c be w(30). Calculate the highest common factor of 24 and c.
12
Let t be 32/(-80) + (-7)/(-5). Let u be ((-10)/25)/(t/(-30)). Suppose -u*c + 7*c + 80 = 0. What is the highest common divisor of 32 and c?
16
Let o(u) = u - 26. Let r(c) = -2*c + 27. Let a(s) = -3*o(s) - 2*r(s). Let b be a(-11). Calculate the greatest common factor of 104 and b.
13
Let n(a) = 5*a**2 + 1 + 1 + 2*a + 2*a**3 - a**3. Let q be n(4). Suppose -k = 4*d - 91, -3*k + 10 - 67 = -3*d. Calculate the greatest common divisor of d and q.
22
Let i(w) = -2*w**3 - 62*w**2 - 4*w + 46. Let g be i(-31). Calculate the greatest common factor of g and 102.
34
Let r = -11 - -45. Let s = -3 + r. Suppose 4*q - i - s = q, 4*i - 19 = -q. What is the highest common factor of 22 and q?
11
Suppose k - 43 = 28. Let b = k - -69. Let d(o) = -5*o - 1. Let p be d(-3). What is the highest common divisor of b and p?
14
Let l be 42/(-14) + (-24)/(-1). Calculate the highest common factor of 49 and l.
7
Suppose 507 = 11*r + 23. Calculate the greatest common factor of 352 and r.
44
Let g be 2949 + -2 + 21/(-3). Calculate the greatest common factor of 49 and g.
49
Suppose -33*o + 132 = 33. What is the highest common divisor of o and 19?
1
Suppose 0 = -8*a + 3*a + 10. Suppose 46 = a*q - 4. Suppose 2*r + 0*r = 50. Calculate the highest common divisor of q and r.
25
Let m(s) = -2*s**2 - 9*s + 4. Let k be m(0). Let z be 4*(-2 - 1*-3). Calculate the highest common divisor of k and z.
4
Let r be ((-140)/(-8) - (6 - 2))*34. Calculate the greatest common divisor of 34 and r.
17
Let b(w) = w**2 - 9. Let v be b(4). Suppose 0 = -y - v*y + 48. What is the greatest common factor of 12 and y?
6
Let l = 24 - 10. Let s be 15/(-2)*((-20)/3 + 0). Suppose -s - 76 = -3*o. Calculate the highest common factor of o and l.
14
Let g = 22 - 11. Let d be 2/5 - (-3288)/30. Suppose -5*r - n = -110, -2*n + d = 5*r - 3*n. Calcu